{"id":19031,"date":"2025-08-25T09:22:23","date_gmt":"2025-08-25T07:22:23","guid":{"rendered":"https:\/\/www.webszkolenie.pl\/?page_id=19031"},"modified":"2025-08-25T09:22:23","modified_gmt":"2025-08-25T07:22:23","slug":"szkolenie-certyfikat-haccp","status":"publish","type":"page","link":"https:\/\/www.webszkolenie.pl\/staging-webszkol?page_id=19031","title":{"rendered":"Szkolenia HACCP \u2013 podstawa bezpiecznego i profesjonalnego post\u0119powania z \u017cywno\u015bci\u0105"},"content":{"rendered":"","protected":false},"excerpt":{"rendered":"","protected":false},"author":93760,"featured_media":0,"parent":0,"menu_order":0,"comment_status":"closed","ping_status":"closed","template":"","meta":{"_acf_changed":false,"footnotes":""},"acf":[],"yoast_head":"<!-- This site is optimized with the Yoast SEO plugin v22.6 - https:\/\/yoast.com\/wordpress\/plugins\/seo\/ -->\n<title>Szkolenia HACCP - bezpiecze\u0144stwo obchodzenia si\u0119 z \u017cywno\u015bci\u0105<\/title>\n<meta name=\"description\" content=\"Szkolenia HACCP pomagaj\u0105 zapobiega\u0107 zagro\u017ceniom, zapewnia\u0107 bezpiecze\u0144stwo \u017cywno\u015bci i zwi\u0119ksza\u0107 niezawodno\u015b\u0107 firmy. Zam\u00f3w tutaj!\" \/>\n<meta name=\"robots\" content=\"noindex, follow, max-snippet:-1, max-image-preview:large, max-video-preview:-1\" \/>\n<meta property=\"og:locale\" content=\"pl_PL\" \/>\n<meta property=\"og:type\" content=\"article\" \/>\n<meta property=\"og:title\" content=\"Szkolenia HACCP - bezpiecze\u0144stwo obchodzenia si\u0119 z \u017cywno\u015bci\u0105\" \/>\n<meta property=\"og:description\" content=\"Szkolenia HACCP pomagaj\u0105 zapobiega\u0107 zagro\u017ceniom, zapewnia\u0107 bezpiecze\u0144stwo \u017cywno\u015bci i zwi\u0119ksza\u0107 niezawodno\u015b\u0107 firmy. Zam\u00f3w tutaj!\" \/>\n<meta property=\"og:url\" content=\"https:\/\/www.webszkolenie.pl\/staging-webszkol\/szkolenie-certyfikat-haccp\/\" \/>\n<meta property=\"og:site_name\" content=\"Webszkolenie\" \/>\n<meta name=\"twitter:card\" content=\"summary_large_image\" \/>\n<script type=\"application\/ld+json\" class=\"yoast-schema-graph\">{\"@context\":\"https:\/\/schema.org\",\"@graph\":[{\"@type\":\"WebPage\",\"@id\":\"https:\/\/www.webszkolenie.pl\/staging-webszkol?page_id=19031\",\"url\":\"https:\/\/www.webszkolenie.pl\/staging-webszkol\/szkolenie-certyfikat-haccp\/\",\"name\":\"Szkolenia HACCP - bezpiecze\u0144stwo obchodzenia si\u0119 z \u017cywno\u015bci\u0105\",\"isPartOf\":{\"@id\":\"https:\/\/www.webszkolenie.pl\/staging-webszkol\/en\/#website\"},\"datePublished\":\"2025-08-25T07:22:23+00:00\",\"dateModified\":\"2025-08-25T07:22:23+00:00\",\"description\":\"Szkolenia HACCP pomagaj\u0105 zapobiega\u0107 zagro\u017ceniom, zapewnia\u0107 bezpiecze\u0144stwo \u017cywno\u015bci i zwi\u0119ksza\u0107 niezawodno\u015b\u0107 firmy. Zam\u00f3w tutaj!\",\"breadcrumb\":{\"@id\":\"https:\/\/www.webszkolenie.pl\/staging-webszkol\/szkolenie-certyfikat-haccp\/#breadcrumb\"},\"inLanguage\":\"pl-PL\",\"potentialAction\":[{\"@type\":\"ReadAction\",\"target\":[\"https:\/\/www.webszkolenie.pl\/staging-webszkol\/szkolenie-certyfikat-haccp\/\"]}]},{\"@type\":\"BreadcrumbList\",\"@id\":\"https:\/\/www.webszkolenie.pl\/staging-webszkol\/szkolenie-certyfikat-haccp\/#breadcrumb\",\"itemListElement\":[{\"@type\":\"ListItem\",\"position\":1,\"name\":\"Home\",\"item\":\"https:\/\/www.webszkolenie.pl\/staging-webszkol\"},{\"@type\":\"ListItem\",\"position\":2,\"name\":\"Szkolenia HACCP \u2013 podstawa bezpiecznego i profesjonalnego post\u0119powania z \u017cywno\u015bci\u0105\"}]},{\"@type\":\"WebSite\",\"@id\":\"https:\/\/www.webszkolenie.pl\/staging-webszkol\/en\/#website\",\"url\":\"https:\/\/www.webszkolenie.pl\/staging-webszkol\/en\/\",\"name\":\"Webszkolenie\",\"description\":\"Szkolenia HACCP\",\"publisher\":{\"@id\":\"https:\/\/www.webszkolenie.pl\/staging-webszkol\/en\/#organization\"},\"potentialAction\":[{\"@type\":\"SearchAction\",\"target\":{\"@type\":\"EntryPoint\",\"urlTemplate\":\"https:\/\/www.webszkolenie.pl\/staging-webszkol\/en\/?s={search_term_string}\"},\"query-input\":\"required name=search_term_string\"}],\"inLanguage\":\"pl-PL\"},{\"@type\":\"Organization\",\"@id\":\"https:\/\/www.webszkolenie.pl\/staging-webszkol\/en\/#organization\",\"name\":\"Webskolenie\",\"url\":\"https:\/\/www.webszkolenie.pl\/staging-webszkol\/en\/\",\"logo\":{\"@type\":\"ImageObject\",\"inLanguage\":\"pl-PL\",\"@id\":\"https:\/\/www.webszkolenie.pl\/staging-webszkol\/en\/#\/schema\/logo\/image\/\",\"url\":\"https:\/\/www.webszkolenie.pl\/staging-webszkol\/wp-content\/uploads\/2021\/03\/haccp-online-logo-1.png\",\"contentUrl\":\"https:\/\/www.webszkolenie.pl\/staging-webszkol\/wp-content\/uploads\/2021\/03\/haccp-online-logo-1.png\",\"width\":130,\"height\":129,\"caption\":\"Webskolenie\"},\"image\":{\"@id\":\"https:\/\/www.webszkolenie.pl\/staging-webszkol\/en\/#\/schema\/logo\/image\/\"}}]}<\/script>\n<!-- \/ Yoast SEO plugin. -->","yoast_head_json":{"title":"Szkolenia HACCP - bezpiecze\u0144stwo obchodzenia si\u0119 z \u017cywno\u015bci\u0105","description":"Szkolenia HACCP pomagaj\u0105 zapobiega\u0107 zagro\u017ceniom, zapewnia\u0107 bezpiecze\u0144stwo \u017cywno\u015bci i zwi\u0119ksza\u0107 niezawodno\u015b\u0107 firmy. Zam\u00f3w tutaj!","robots":{"index":"noindex","follow":"follow","max-snippet":"max-snippet:-1","max-image-preview":"max-image-preview:large","max-video-preview":"max-video-preview:-1"},"og_locale":"pl_PL","og_type":"article","og_title":"Szkolenia HACCP - bezpiecze\u0144stwo obchodzenia si\u0119 z \u017cywno\u015bci\u0105","og_description":"Szkolenia HACCP pomagaj\u0105 zapobiega\u0107 zagro\u017ceniom, zapewnia\u0107 bezpiecze\u0144stwo \u017cywno\u015bci i zwi\u0119ksza\u0107 niezawodno\u015b\u0107 firmy. Zam\u00f3w tutaj!","og_url":"https:\/\/www.webszkolenie.pl\/staging-webszkol\/szkolenie-certyfikat-haccp\/","og_site_name":"Webszkolenie","twitter_card":"summary_large_image","schema":{"@context":"https:\/\/schema.org","@graph":[{"@type":"WebPage","@id":"https:\/\/www.webszkolenie.pl\/staging-webszkol?page_id=19031","url":"https:\/\/www.webszkolenie.pl\/staging-webszkol\/szkolenie-certyfikat-haccp\/","name":"Szkolenia HACCP - bezpiecze\u0144stwo obchodzenia si\u0119 z \u017cywno\u015bci\u0105","isPartOf":{"@id":"https:\/\/www.webszkolenie.pl\/staging-webszkol\/en\/#website"},"datePublished":"2025-08-25T07:22:23+00:00","dateModified":"2025-08-25T07:22:23+00:00","description":"Szkolenia HACCP pomagaj\u0105 zapobiega\u0107 zagro\u017ceniom, zapewnia\u0107 bezpiecze\u0144stwo \u017cywno\u015bci i zwi\u0119ksza\u0107 niezawodno\u015b\u0107 firmy. Zam\u00f3w tutaj!","breadcrumb":{"@id":"https:\/\/www.webszkolenie.pl\/staging-webszkol\/szkolenie-certyfikat-haccp\/#breadcrumb"},"inLanguage":"pl-PL","potentialAction":[{"@type":"ReadAction","target":["https:\/\/www.webszkolenie.pl\/staging-webszkol\/szkolenie-certyfikat-haccp\/"]}]},{"@type":"BreadcrumbList","@id":"https:\/\/www.webszkolenie.pl\/staging-webszkol\/szkolenie-certyfikat-haccp\/#breadcrumb","itemListElement":[{"@type":"ListItem","position":1,"name":"Home","item":"https:\/\/www.webszkolenie.pl\/staging-webszkol"},{"@type":"ListItem","position":2,"name":"Szkolenia HACCP \u2013 podstawa bezpiecznego i profesjonalnego post\u0119powania z \u017cywno\u015bci\u0105"}]},{"@type":"WebSite","@id":"https:\/\/www.webszkolenie.pl\/staging-webszkol\/en\/#website","url":"https:\/\/www.webszkolenie.pl\/staging-webszkol\/en\/","name":"Webszkolenie","description":"Szkolenia HACCP","publisher":{"@id":"https:\/\/www.webszkolenie.pl\/staging-webszkol\/en\/#organization"},"potentialAction":[{"@type":"SearchAction","target":{"@type":"EntryPoint","urlTemplate":"https:\/\/www.webszkolenie.pl\/staging-webszkol\/en\/?s={search_term_string}"},"query-input":"required name=search_term_string"}],"inLanguage":"pl-PL"},{"@type":"Organization","@id":"https:\/\/www.webszkolenie.pl\/staging-webszkol\/en\/#organization","name":"Webskolenie","url":"https:\/\/www.webszkolenie.pl\/staging-webszkol\/en\/","logo":{"@type":"ImageObject","inLanguage":"pl-PL","@id":"https:\/\/www.webszkolenie.pl\/staging-webszkol\/en\/#\/schema\/logo\/image\/","url":"https:\/\/www.webszkolenie.pl\/staging-webszkol\/wp-content\/uploads\/2021\/03\/haccp-online-logo-1.png","contentUrl":"https:\/\/www.webszkolenie.pl\/staging-webszkol\/wp-content\/uploads\/2021\/03\/haccp-online-logo-1.png","width":130,"height":129,"caption":"Webskolenie"},"image":{"@id":"https:\/\/www.webszkolenie.pl\/staging-webszkol\/en\/#\/schema\/logo\/image\/"}}]}},"_links":{"self":[{"href":"https:\/\/www.webszkolenie.pl\/staging-webszkol\/index.php?rest_route=\/wp\/v2\/pages\/19031"}],"collection":[{"href":"https:\/\/www.webszkolenie.pl\/staging-webszkol\/index.php?rest_route=\/wp\/v2\/pages"}],"about":[{"href":"https:\/\/www.webszkolenie.pl\/staging-webszkol\/index.php?rest_route=\/wp\/v2\/types\/page"}],"author":[{"embeddable":true,"href":"https:\/\/www.webszkolenie.pl\/staging-webszkol\/index.php?rest_route=\/wp\/v2\/users\/93760"}],"replies":[{"embeddable":true,"href":"https:\/\/www.webszkolenie.pl\/staging-webszkol\/index.php?rest_route=%2Fwp%2Fv2%2Fcomments&post=19031"}],"version-history":[{"count":2,"href":"https:\/\/www.webszkolenie.pl\/staging-webszkol\/index.php?rest_route=\/wp\/v2\/pages\/19031\/revisions"}],"predecessor-version":[{"id":19033,"href":"https:\/\/www.webszkolenie.pl\/staging-webszkol\/index.php?rest_route=\/wp\/v2\/pages\/19031\/revisions\/19033"}],"wp:attachment":[{"href":"https:\/\/www.webszkolenie.pl\/staging-webszkol\/index.php?rest_route=%2Fwp%2Fv2%2Fmedia&parent=19031"}],"curies":[{"name":"wp","href":"https:\/\/api.w.org\/{rel}","templated":true}]}}